{"id":318,"date":"2023-05-03T06:00:21","date_gmt":"2023-05-03T06:00:21","guid":{"rendered":"https:\/\/www.milestonepersonnel.com\/?page_id=318"},"modified":"2023-05-07T05:29:11","modified_gmt":"2023-05-07T05:29:11","slug":"apply","status":"publish","type":"page","link":"https:\/\/www.milestonepersonnel.com\/?page_id=318","title":{"rendered":"Apply"},"content":{"rendered":"\t\t<div data-elementor-type=\"wp-page\" data-elementor-id=\"318\" class=\"elementor elementor-318\">\n\t\t\t\t\t\t\t\t\t<section class=\"elementor-section elementor-top-section elementor-element elementor-element-966a7b9 elementor-section-boxed elementor-section-height-default elementor-section-height-default\" data-id=\"966a7b9\" data-element_type=\"section\">\n\t\t\t\t\t\t<div class=\"elementor-container elementor-column-gap-default\">\n\t\t\t\t\t<div class=\"elementor-column elementor-col-100 elementor-top-column elementor-element elementor-element-4e8b047\" data-id=\"4e8b047\" data-element_type=\"column\">\n\t\t\t<div class=\"elementor-widget-wrap elementor-element-populated\">\n\t\t\t\t\t\t\t\t<div class=\"elementor-element elementor-element-5ce2800 elementor-widget elementor-widget-shortcode\" data-id=\"5ce2800\" data-element_type=\"widget\" data-widget_type=\"shortcode.default\">\n\t\t\t\t<div class=\"elementor-widget-container\">\n\t\t\t\t\t<div class=\"elementor-shortcode\"><!DOCTYPE html>\n<html>\n<head>\n\t<title>Online Application Form<\/title>\n<\/head>\n<body>\n\t<h1>Online Application Form<\/h1>\n\t<form action=\"mailto:hello@milestonepersonnel.com\" method=\"post\" enctype=\"text\/plain\">\n\t\t<label for=\"name\">(nombre)Name:<\/label>\n\t\t<input type=\"text\" id=\"name\" name=\"name\" required><br><br>\n\n\t\t<label for=\"email\">(correo electr\u00f3nico)Email:<\/label>\n\t\t<input type=\"email\" id=\"email\" name=\"email\" required><br><br>\n\n\t\t<label for=\"phone\">(tel\u00e9fono)Phone:<\/label>\n\t\t<input type=\"tel\" id=\"phone\" name=\"phone\" required><br><br>\n\n\t\t<label for=\"address\">(DIRECCI\u00d3N)Address:<\/label>\n\t\t<input type=\"text\" id=\"address\" name=\"address\" required><br><br>\n\n\t\t<label for=\"resume\">(reanudar)Resume:<\/label>\n\t\t<input type=\"file\" id=\"resume\" name=\"resume\" accept=\".pdf,.doc,.docx\" required><br><br>\n\n\t\t<label for=\"coverletter\">(carta de presentaci\u00f3n)Cover Letter:<\/label>\n\t\t<textarea id=\"coverletter\" name=\"coverletter\" rows=\"4\" cols=\"50\"><\/textarea><br><br>\n\n\t\t<label for=\"position\">(tipo de trabajo)Position:<\/label>\n\t\t<select id=\"position\" name=\"position\" required>\n\t\t\t<option value=\"\">--Select Position--<\/option>\n                        <option value=\"Administration\">Administration<\/option>\n\t\t\t<option value=\"Light Industrial\">Light Industrial<\/option>\n\t\t\t<option value=\"Biotech\">Biotech<\/option>\n\t\t\t<option value=\"Technical\">Technical<\/option>\n\t\t\t<option value=\"Construction\">Construction<\/option>\n\t\t\t<option value=\"Restoration\">Restoration<\/option>\n\t\t<\/select><br><br>\n\n\t\t<label for=\"salary\">(pagar)Salary Expectation:<\/label>\n\t\t<input type=\"number\" id=\"salary\" name=\"salary\" min=\"0\" max=\"9999999\"><br><br>\n\n\t\t<input type=\"submit\" value=\"(entregar)Submit Application\">\n\t<\/form>\n<\/body>\n<\/html><\/div>\n\t\t\t\t<\/div>\n\t\t\t\t<\/div>\n\t\t\t\t\t<\/div>\n\t\t<\/div>\n\t\t\t\t\t\t\t<\/div>\n\t\t<\/section>\n\t\t\t\t\t\t\t<\/div>\n\t\t","protected":false},"excerpt":{"rendered":"<p>Online Application Form Online Application Form (nombre)Name: (correo electr\u00f3nico)Email: (tel\u00e9fono)Phone: (DIRECCI\u00d3N)Address: (reanudar)Resume: (carta de presentaci\u00f3n)Cover Letter: (tipo de trabajo)Position: &#8211;Select Position&#8211;AdministrationLight IndustrialBiotechTechnicalConstructionRestoration (pagar)Salary Expectation:<\/p>\n","protected":false},"author":1,"featured_media":0,"parent":0,"menu_order":0,"comment_status":"closed","ping_status":"closed","template":"","meta":{"_uag_custom_page_level_css":"","footnotes":""},"uagb_featured_image_src":{"full":false,"thumbnail":false,"medium":false,"medium_large":false,"large":false,"1536x1536":false,"2048x2048":false,"woocommerce_thumbnail":false,"woocommerce_single":false,"woocommerce_gallery_thumbnail":false},"uagb_author_info":{"display_name":"admin","author_link":"https:\/\/www.milestonepersonnel.com\/?author=1"},"uagb_comment_info":0,"uagb_excerpt":"Online Application Form Online Application Form (nombre)Name: (correo electr\u00f3nico)Email: (tel\u00e9fono)Phone: (DIRECCI\u00d3N)Address: (reanudar)Resume: (carta de presentaci\u00f3n)Cover Letter: (tipo de trabajo)Position: &#8211;Select Position&#8211;AdministrationLight IndustrialBiotechTechnicalConstructionRestoration (pagar)Salary Expectation:","_links":{"self":[{"href":"https:\/\/www.milestonepersonnel.com\/index.php?rest_route=\/wp\/v2\/pages\/318"}],"collection":[{"href":"https:\/\/www.milestonepersonnel.com\/index.php?rest_route=\/wp\/v2\/pages"}],"about":[{"href":"https:\/\/www.milestonepersonnel.com\/index.php?rest_route=\/wp\/v2\/types\/page"}],"author":[{"embeddable":true,"href":"https:\/\/www.milestonepersonnel.com\/index.php?rest_route=\/wp\/v2\/users\/1"}],"replies":[{"embeddable":true,"href":"https:\/\/www.milestonepersonnel.com\/index.php?rest_route=%2Fwp%2Fv2%2Fcomments&post=318"}],"version-history":[{"count":16,"href":"https:\/\/www.milestonepersonnel.com\/index.php?rest_route=\/wp\/v2\/pages\/318\/revisions"}],"predecessor-version":[{"id":337,"href":"https:\/\/www.milestonepersonnel.com\/index.php?rest_route=\/wp\/v2\/pages\/318\/revisions\/337"}],"wp:attachment":[{"href":"https:\/\/www.milestonepersonnel.com\/index.php?rest_route=%2Fwp%2Fv2%2Fmedia&parent=318"}],"curies":[{"name":"wp","href":"https:\/\/api.w.org\/{rel}","templated":true}]}}